{"id":459,"date":"2021-03-30T16:48:00","date_gmt":"2021-03-30T14:48:00","guid":{"rendered":"http:\/\/spedirecomodo.azurewebsites.net\/cms\/?page_id=459"},"modified":"2021-03-31T14:00:32","modified_gmt":"2021-03-31T12:00:32","slug":"come-spedire-allestero-fuori-ue","status":"publish","type":"page","link":"https:\/\/www.spedirecomodo.it\/cms\/come-spedire-allestero-fuori-ue\/","title":{"rendered":"Come Spedire all&#8217;Estero Fuori UE"},"content":{"rendered":"\n<div style=\"height:20px\" aria-hidden=\"true\" class=\"wp-block-spacer\"><\/div>\n\n\n\n<div class=\"wp-block-ugb-feature ugb-feature ugb-78e5a73 ugb-feature--v2 ugb-feature--design-plain ugb-main-block\"><div class=\"ugb-inner-block\"><div class=\"ugb-block-content\"><div class=\"ugb-feature__item\"><div class=\"ugb-feature__content\"><h2 class=\"ugb-feature__title\">Se devi spedire all&#8217;estero fuori dall&#8217;Unione Europea, ecco cosa occorre<\/h2><p class=\"ugb-feature__description\">I Corrieri Internazionali di Spedirecomodo usano i vostri <strong>documenti di esportazione<\/strong> per dichiarare correttamente alle autorit\u00e0 doganali la vostra spedizione all&#8217;estero nella nazione di esportazione fuori UE.<br>Potete utilizzare le informazioni che trovate qui come supporto per il processo di preparazione della documentazione per spedire estero  fuori UE.<\/p><\/div><div class=\"ugb-feature__image-side\"><img class=\"ugb-feature__image ugb-img wp-image-4463\" src=\"https:\/\/www.spedirecomodo.it\/cms\/wp-content\/uploads\/2020\/03\/Spedire-Europa-1024x667.png\" alt=\"Spedire Estero fuori UE\" height=\"208\" srcset=\"https:\/\/www.spedirecomodo.it\/cms\/wp-content\/uploads\/2020\/03\/Spedire-Europa-1024x667.png 1024w, https:\/\/www.spedirecomodo.it\/cms\/wp-content\/uploads\/2020\/03\/Spedire-Europa-300x196.png 300w, https:\/\/www.spedirecomodo.it\/cms\/wp-content\/uploads\/2020\/03\/Spedire-Europa-768x501.png 768w, https:\/\/www.spedirecomodo.it\/cms\/wp-content\/uploads\/2020\/03\/Spedire-Europa.png 1028w\" sizes=\"(max-width: 1024px) 100vw, 1024px\" \/><\/div><\/div><\/div><\/div><\/div>\n\n\n\n<hr class=\"wp-block-separator\"\/>\n\n\n\n<h3>Come spedire un pacco all&#8217;estero Extra UE<\/h3>\n\n\n\n<p><strong>Nota:<\/strong>&nbsp;per spedizioni tra stati membri dell&#8217;Unione Europea, non \u00e8 richiesta alcuna documentazione di esportazione per lo sdoganamento quando le merci spedite sono in libera circolazione.<\/p>\n\n\n\n<p>Per merci che non sono in libera circolazione, sar\u00e0 necessario compilare ed allegare una fattura commerciale.<\/p>\n\n\n\n<div style=\"height:20px\" aria-hidden=\"true\" class=\"wp-block-spacer\"><\/div>\n\n\n\n<hr class=\"wp-block-separator\"\/>\n\n\n\n<h3>Per Spedizione di Documenti all&#8217;estero fuori  UE<\/h3>\n\n\n\n<p>Normalmente un documento viene definito come una comunicazione scritta, dattiloscritta o stampata che non ha valore commerciale.<\/p>\n\n\n\n<p>Quando si spediscono documenti internazionali in una busta (Envelope),&nbsp;o in qualsiasi altro piccolo imballaggio, \u00e8 sufficiente stampare l&#8217;etichetta di spedizione (Lettera di Vettura) del Corriere Internazionale. In genere, non \u00e8 richiesta una fattura.<\/p>\n\n\n\n<div style=\"height:20px\" aria-hidden=\"true\" class=\"wp-block-spacer\"><\/div>\n\n\n\n<hr class=\"wp-block-separator\"\/>\n\n\n\n<h3>Spedizione Pacchi fuori UE &#8211; La Dogana<\/h3>\n\n\n\n<p>Quando devi spedire all&#8217;estero fuori dall&#8217;unione europea, i tuoi pacchi saranno soggetti ad un <strong>controllo doganale<\/strong>.<\/p>\n\n\n\n<p>Per passare in maniera tranquilla i controlli alla dogana avrai bisogno di alcuni <strong>documenti fondamentali<\/strong> che dovranno accompagnare la spedizione internazionale, come una fotocopia di un Documento d&#8217;identit\u00e0 del mittente, la Fattura Commerciale o Proforma (tre copie), la Dichiarazione di Libera Esportazione, la Declaration e la Lettera di Vettura internazionale.<\/p>\n\n\n\n<p><strong><span style=\"text-decoration: underline;\"><a href=\"https:\/\/www.spedirecomodo.it\/cms\/documenti-doganali\/\">Leggi qui<\/a><\/span><\/strong> per maggiori informazioni sui <strong>documenti doganali<\/strong>.<\/p>\n\n\n\n<div style=\"height:20px\" aria-hidden=\"true\" class=\"wp-block-spacer\"><\/div>\n\n\n\n<hr class=\"wp-block-separator\"\/>\n\n\n\n<div class=\"wp-block-ugb-feature ugb-feature ugb-e77a24b ugb-feature--v2 ugb-feature--design-plain ugb-main-block\"><div class=\"ugb-inner-block\"><div class=\"ugb-block-content\"><div class=\"ugb-feature__item\"><div class=\"ugb-feature__content\"><h3 class=\"ugb-feature__title\">La Fattura Proforma per spedire pacchi fuori UE<\/h3><p class=\"ugb-feature__description\">Le spedizioni di merci e materiali non classificabili come documenti, destinate ai paesi Extra Unione Europea, sono soggette alle normative doganali che prevedono l\u2019emissione della <strong>Fattura Commerciale o Proforma<\/strong>.<br>Si tratta di documenti con cui il mittente dichiara il contenuto, il valore della spedizione ed il materiale di composizione della merce, in conformit\u00e0 alle diverse normative internazionali, che prescrivono determinati requisiti di esportabilit\u00e0.<br>Risultano quindi necessarie per le operazioni di sdoganamento in esportazione, per facilitare i controlli delle Autorit\u00e0 Doganali e per assicurare una consegna puntuale nel paese estero.<\/p><div class=\"ugb-button-container\"><a class=\"ugb-button ugb-button--size-normal ugb--hover-effect-scale\" href=\"\/cms\/wp-content\/uploads\/2020\/10\/Fattura-Proforma.pdf\" rel=\"\" title=\"\"><span class=\"ugb-button--inner\">Scarica la Fattura Proforma<\/span><\/a><\/div><\/div><div class=\"ugb-feature__image-side\"><img class=\"ugb-feature__image ugb-img wp-image-6784\" src=\"https:\/\/www.spedirecomodo.it\/cms\/wp-content\/uploads\/2021\/03\/Fattura-Proforma-Extra-UE.jpg\" alt=\"Fattura Proforma Spedizioni Extra UE\" height=\"594\" srcset=\"https:\/\/www.spedirecomodo.it\/cms\/wp-content\/uploads\/2021\/03\/Fattura-Proforma-Extra-UE.jpg 1190w, https:\/\/www.spedirecomodo.it\/cms\/wp-content\/uploads\/2021\/03\/Fattura-Proforma-Extra-UE-212x300.jpg 212w, https:\/\/www.spedirecomodo.it\/cms\/wp-content\/uploads\/2021\/03\/Fattura-Proforma-Extra-UE-768x1086.jpg 768w, https:\/\/www.spedirecomodo.it\/cms\/wp-content\/uploads\/2021\/03\/Fattura-Proforma-Extra-UE-1086x1536.jpg 1086w\" sizes=\"(max-width: 1190px) 100vw, 1190px\" \/><\/div><\/div><\/div><\/div><\/div>\n\n\n\n<hr class=\"wp-block-separator\"\/>\n\n\n\n<h3>Cosa \u00e8 la Fattura Proforma e quali informazioni indicare<\/h3>\n\n\n\n<p>La <strong>Fattura Commerciale <\/strong>\u00e8 prevista dalla normativa doganale in caso di spedizioni di <strong>merci e materiali di valore commerciale destinati alla vendita.<\/strong><\/p>\n\n\n\n<p>La <strong>Proforma <\/strong>serve in caso di spedizioni di <strong>merci e materiali non classificabili come documenti e non destinate alla vendita<\/strong>. Si tratta di spedizioni effettuate di solito tra privati.<\/p>\n\n\n\n<p>Questo documento serve nel caso non si avesse a disposizione la fattura della merce, quindi nel caso in cui la tua spedizione comprenda <strong>cose diverse da una vendita commerciale<\/strong>.<\/p>\n\n\n\n<p>In questo caso sar\u00e0 necessario compilare un documento che attesti il valore di quanto spedito, ovvero la fattura proforma. <\/p>\n\n\n\n<p>Per garantire un rapido e preciso sdoganamento \u00e8 necessario che Fattura Commerciale e Proforma contengano <strong>informazioni complete e corrette<\/strong>.<\/p>\n\n\n\n<p>Errori o mancanze potrebbero causare un ritardo doganale, un errato calcolo degli oneri da pagare con conseguenti multe e sanzioni.<\/p>\n\n\n\n<div style=\"height:20px\" aria-hidden=\"true\" class=\"wp-block-spacer\"><\/div>\n\n\n\n<h4>Informazioni obbligatorie da indicare nella fattura Proforma o Commerciale<\/h4>\n\n\n\n<p>1 Numero della Lettera di Vettura.<\/p>\n\n\n\n<p>2 Nome e cognome, indirizzo e partita IVA del mittente o dell\u2019esportatore.<\/p>\n\n\n\n<p>3 Nome e cognome, indirizzo con codice postale e numero di telefono del destinatario.<\/p>\n\n\n\n<p>4 Paese di fabbricazione o di origine.<\/p>\n\n\n\n<p>5 Indica la valuta.<br>Precisa in modo chiaro la valuta che stai utilizzando ad esempio (USD,CAD,EUR). Il simbolo \u201c$\u201d non \u00e8 sufficiente.<\/p>\n\n\n\n<p>6 Descrivi in inglese in modo dettagliato tutti i prodotti e se disponibile indicare anche il codice EA.<\/p>\n\n\n\n<p>La descrizione generica della merce (es. &#8220;parts&#8221;, &#8220;samples&#8221;) non \u00e8 sufficiente.<\/p>\n\n\n\n<p>Occorre specificare:<br>&#8211; che cos\u2019\u00e8 il prodotto<br>&#8211; di che materiale \u00e8 fatto<br>&#8211; la quantit\u00e0 del prodotto<br>&#8211; il numero complessivo dei colli e, per ogni collo la quantit\u00e0, l&#8217;unit\u00e0 di misura, il peso, il valore singolo e totale<br>&#8211; l\u2019utilizzo finale del prodotto.<br>Ad esempio: &#8220;10 scatole da cento bulloni in acciaio inox per fissare un ponteggio&#8221; piuttosto che &#8220;Parti per fissare un ponteggio&#8221;.<\/p>\n\n\n\n<p>Ogni Fattura Commerciale e Proforma deve essere necessariamente <strong>scritta in inglese<\/strong>.<\/p>\n\n\n\n<p>Se \u00e8 scritta in italiano <strong>deve riportare la traduzione nella lingua del paese di destinazione <\/strong>e deve essere <strong>prodotta in almeno tre copie.<\/strong><\/p>\n\n\n\n<div style=\"height:20px\" aria-hidden=\"true\" class=\"wp-block-spacer\"><\/div>\n\n\n\n<div class=\"wp-container-1 wp-block-buttons is-content-justification-center\">\n<div class=\"wp-block-button\"><a class=\"wp-block-button__link has-vivid-cyan-blue-background-color has-background\" href=\"\/cms\/wp-content\/uploads\/2020\/10\/Fattura-Proforma.pdf\">Scarica la Fattura Proforma<\/a><\/div>\n<\/div>\n\n\n\n<div style=\"height:20px\" aria-hidden=\"true\" class=\"wp-block-spacer\"><\/div>\n\n\n\n<hr class=\"wp-block-separator\"\/>\n\n\n\n<h3>Dichiarazione di Libera Esportazione per spedizione pacchi fuori UE<\/h3>\n\n\n\n<p>La Dichiarazione di Libera Esportazione \u00e8 uno dei documenti necessari per spedire i propri pacchi fuori UE, e serve a certificare di avere il <strong>permesso<\/strong> di spedire la merce contenuta nella spedizione.<\/p>\n\n\n\n<p>Il documento va compilato con i dati del mittente, inserendo anche email e numero di telefono e indicando il numero di spedizione.<\/p>\n\n\n\n<div style=\"height:20px\" aria-hidden=\"true\" class=\"wp-block-spacer\"><\/div>\n\n\n\n<div class=\"wp-container-2 wp-block-buttons is-content-justification-center\">\n<div class=\"wp-block-button\"><a class=\"wp-block-button__link has-vivid-cyan-blue-background-color has-background\" href=\"\/cms\/wp-content\/uploads\/2020\/06\/dual_use.pdf\">Scarica la Dichiarazione di Libera Esportazione<\/a><\/div>\n<\/div>\n\n\n\n<div style=\"height:20px\" aria-hidden=\"true\" class=\"wp-block-spacer\"><\/div>\n\n\n\n<hr class=\"wp-block-separator\"\/>\n\n\n\n<h3>Declaration per le spedizioni internazionali extra UE<\/h3>\n\n\n\n<p>Ultimo documento necessario per spedire un pacco all&#8217;estero fuori UE \u00e8 la <strong>Declaration<\/strong>, un foglio tramite il quale ti verr\u00e0 rilasciato il <strong>numero EORI necessario per la <a href=\"https:\/\/it.wikipedia.org\/wiki\/Dogana\" class=\"rank-math-link\" target=\"_blank\" rel=\"noopener\">dogana<\/a><\/strong>.<\/p>\n\n\n\n<p>Il codice EORI (Economic Operator Registration Identification) \u00e8 divenuto obbligatorio dal 2009 per tutti i cittadini residenti nella comunit\u00e0 europea che vogliono effettuare spedizione da e per l&#8217;estero extra UE.<\/p>\n\n\n\n<p>Questo codice \u00e8 composto da una stringa alfanumerica che identifica il singolo individuo che effettua una spedizione, a prescindere che sia un soggetto con Partita IVA o una persona fisica.  <\/p>\n\n\n\n<p>Per avere il codice \u00e8 sufficiente inserire i dati del mittente, con nome, luogo e data di nascita.<\/p>\n\n\n\n<div style=\"height:20px\" aria-hidden=\"true\" class=\"wp-block-spacer\"><\/div>\n\n\n\n<div class=\"wp-container-3 wp-block-buttons is-content-justification-center\">\n<div class=\"wp-block-button\"><a class=\"wp-block-button__link has-vivid-cyan-blue-background-color has-background\" href=\"https:\/\/www.spedirecomodo.it\/cms\/wp-content\/uploads\/2020\/06\/Modello-per-la-richiesta-di-attribuzione-del-codice-EORI_IT.pdf\">Scarica la Declaration per Richiesta EORI in Italiano<\/a><\/div>\n<\/div>\n\n\n\n<div class=\"wp-container-4 wp-block-buttons is-content-justification-center\">\n<div class=\"wp-block-button\"><a class=\"wp-block-button__link has-vivid-cyan-blue-background-color has-background\" href=\"https:\/\/www.spedirecomodo.it\/cms\/wp-content\/uploads\/2020\/06\/Application-form-for-the-assignment-of-an-EORI-number_-EN.pdf\">Scarica la Declaration per Richiesta EORI in Inglese<\/a><\/div>\n<\/div>\n\n\n\n<div style=\"height:20px\" aria-hidden=\"true\" class=\"wp-block-spacer\"><\/div>\n\n\n\n<hr class=\"wp-block-separator\"\/>\n\n\n\n<h4>ATTENZIONE<\/h4>\n\n\n\n<p>Tutti i documenti necessari per spedire all&#8217;estero fuori UE vanno compilati <strong>in duplice copia,<\/strong> e l&#8217;originale dovr\u00e0 essere consegnato al presidio doganale per effettuare le dovute verifiche.<\/p>\n\n\n\n<p>In caso di dati parziali o non discordanti, i controllori doganali saranno autorizzati ad ispezionare la spedizione con le dovute tempistiche e modalit\u00e0 del caso, per cui presta molta attenzione alla corretta compilazione dei documenti.<\/p>\n\n\n\n<p>Il Cliente Mittente \u00e8 responsabile della <strong>completezza e correttezza dei dati forniti<\/strong>.<\/p>\n\n\n\n<p>Eventuali informazioni non complete e\/o corrette, oltre a pregiudicare il buon esito della consegna, potrebbero dare luogo all\u2019addebito di costi extra.<\/p>\n\n\n\n<p>\u00c8 fondamentale, per il buon esito del processo di sdoganamento, la <strong>corretta compilazione della fattura<\/strong> che dovr\u00e0 accompagnare in duplice copia ogni singola spedizione.<\/p>\n\n\n\n<h3>Consegna della fattura al Corriere<\/h3>\n\n\n\n<p>Una copia della fattura dovr\u00e0 essere posta all\u2019esterno del collo, tramite busta portadocumenti, ed una copia dovr\u00e0 essere consegnata a mano all\u2019autista.<\/p>\n\n\n\n<div style=\"height:20px\" aria-hidden=\"true\" class=\"wp-block-spacer\"><\/div>\n\n\n\r\n<div class=\"ship-now-calltoaction text-center\">\r\n    <span class=\"title\">Spedisci ora!<\/span>\r\n    <div class=\"rounded-div\">\r\n        <button data-toggle=\"modal\" class=\"ship-now btn-primary-sc\">Continua<\/button>\r\n    <\/div>\r\n    <span class=\"subtitle\">Inserisci i dati e spedisci in pochi click!<\/span>\r\n<\/div>\r\n\n\n\n\n<div style=\"height:20px\" aria-hidden=\"true\" class=\"wp-block-spacer\"><\/div>\n\n\n\n<hr class=\"wp-block-separator\"\/>\n\n\n\n<p>Spedire all&#8217;estero fuori UE, Spedire extra UE, <span style=\"text-decoration: underline;\"><strong><a href=\"https:\/\/www.spedirecomodo.it\/cms\/spedire-in-europa\/\" class=\"rank-math-link\">Spedire un pacco economico<\/a><\/strong><\/span>&#8230; Spedire Comodo fuori UE.<\/p>\n\n\n\n<div style=\"height:50px\" aria-hidden=\"true\" class=\"wp-block-spacer\"><\/div>\n\n\n\n<p><\/p>\n<style class=\"advgb-styles-renderer\">@media screen and (min-width:768px){.ugb-78e5a73 .ugb-img{width:320px;height:auto !important}}@media screen and (min-width:768px) and (max-width:1025px){.ugb-78e5a73 .ugb-img{width:285px;height:auto !important}}@media screen and (max-width:768px){.ugb-78e5a73 .ugb-img{width:285px;height:auto !important}}.ugb-e77a24b .ugb-button .ugb-button--inner{font-size:18px !important}.ugb-e77a24b .ugb-button{padding-top:10px;padding-right:25px;padding-bottom:10px;padding-left:25px;border-radius:5px !important}.ugb-e77a24b .ugb-button:before{border-radius:5px !important}@media screen and (min-width:768px){.ugb-e77a24b .ugb-img{width:420px;height:auto !important}}@media screen and (min-width:768px) and (max-width:1025px){.ugb-e77a24b .ugb-img{width:420px;height:auto !important}}@media screen and (max-width:768px){.ugb-e77a24b .ugb-img{width:285px;height:auto !important}}<\/style>","protected":false},"excerpt":{"rendered":"<p>Se devi spedire all&#8217;estero fuori dall&#8217;Unione Europea, ecco cosa occorre I Corrieri Internazionali di Spedirecomodo usano i vostri documenti di esportazione per dichiarare correttamente alle autorit\u00e0 doganali la vostra spedizione all&#8217;estero nella nazione di esportazione fuori UE.Potete utilizzare le informazioni che trovate qui come supporto per il processo di preparazione della documentazione per spedire estero [&hellip;]<\/p>\n","protected":false},"author":7,"featured_media":0,"parent":0,"menu_order":0,"comment_status":"closed","ping_status":"closed","template":"index-trustpilot.php","meta":{"advgb_blocks_editor_width":"","advgb_blocks_columns_visual_guide":""},"categories":[91],"tags":[],"featured_image_urls":{"full":"","thumbnail":"","medium":"","medium_large":"","large":"","1536x1536":"","2048x2048":""},"post_excerpt_stackable":"<p>Se devi spedire all&#8217;estero fuori dall&#8217;Unione Europea, ecco cosa occorreI Corrieri Internazionali di Spedirecomodo usano i vostri documenti di esportazione per dichiarare correttamente alle autorit\u00e0 doganali la vostra spedizione all&#8217;estero nella nazione di esportazione fuori UE.Potete utilizzare le informazioni che trovate qui come supporto per il processo di preparazione della documentazione per spedire estero fuori UE. Come spedire un pacco all&#8217;estero Extra UE Nota:&nbsp;per spedizioni tra stati membri dell&#8217;Unione Europea, non \u00e8 richiesta alcuna documentazione di esportazione per lo sdoganamento quando le merci spedite sono in libera circolazione. Per merci che non sono in libera circolazione, sar\u00e0 necessario compilare ed&hellip;<\/p>\n","category_list":"<a href=\"https:\/\/www.spedirecomodo.it\/cms\/category\/utility\/\" rel=\"category tag\">Utility<\/a>","author_info":{"name":"Sebastiano Torcellan","url":"https:\/\/www.spedirecomodo.it\/cms\/author\/sebastiano-torcellan\/"},"comments_num":"0 commenti","featured_image_urls_v2":{"full":"","thumbnail":"","medium":"","medium_large":"","large":"","1536x1536":"","2048x2048":""},"post_excerpt_stackable_v2":"<p>Se devi spedire all&#8217;estero fuori dall&#8217;Unione Europea, ecco cosa occorreI Corrieri Internazionali di Spedirecomodo usano i vostri documenti di esportazione per dichiarare correttamente alle autorit\u00e0 doganali la vostra spedizione all&#8217;estero nella nazione di esportazione fuori UE.Potete utilizzare le informazioni che trovate qui come supporto per il processo di preparazione della documentazione per spedire estero fuori UE. Come spedire un pacco all&#8217;estero Extra UE Nota:&nbsp;per spedizioni tra stati membri dell&#8217;Unione Europea, non \u00e8 richiesta alcuna documentazione di esportazione per lo sdoganamento quando le merci spedite sono in libera circolazione. Per merci che non sono in libera circolazione, sar\u00e0 necessario compilare ed&hellip;<\/p>\n","category_list_v2":"<a href=\"https:\/\/www.spedirecomodo.it\/cms\/category\/utility\/\" rel=\"category tag\">Utility<\/a>","author_info_v2":{"name":"Sebastiano Torcellan","url":"https:\/\/www.spedirecomodo.it\/cms\/author\/sebastiano-torcellan\/"},"comments_num_v2":"0 commenti","coauthors":[],"author_meta":{"author_link":"https:\/\/www.spedirecomodo.it\/cms\/author\/sebastiano-torcellan\/","display_name":"Sebastiano Torcellan"},"relative_dates":{"created":"Pubblicato 5 anni fa","modified":"Aggiornato 5 anni fa"},"absolute_dates":{"created":"Pubblicato il 30 Marzo 2021","modified":"Aggiornato il 31 Marzo 2021"},"absolute_dates_time":{"created":"Pubblicato il 30 Marzo 2021 16:48","modified":"Aggiornato il 31 Marzo 2021 14:00"},"featured_img_caption":"","featured_img":false,"series_order":"","_links":{"self":[{"href":"https:\/\/www.spedirecomodo.it\/cms\/wp-json\/wp\/v2\/pages\/459"}],"collection":[{"href":"https:\/\/www.spedirecomodo.it\/cms\/wp-json\/wp\/v2\/pages"}],"about":[{"href":"https:\/\/www.spedirecomodo.it\/cms\/wp-json\/wp\/v2\/types\/page"}],"author":[{"embeddable":true,"href":"https:\/\/www.spedirecomodo.it\/cms\/wp-json\/wp\/v2\/users\/7"}],"replies":[{"embeddable":true,"href":"https:\/\/www.spedirecomodo.it\/cms\/wp-json\/wp\/v2\/comments?post=459"}],"version-history":[{"count":1,"href":"https:\/\/www.spedirecomodo.it\/cms\/wp-json\/wp\/v2\/pages\/459\/revisions"}],"predecessor-version":[{"id":8911,"href":"https:\/\/www.spedirecomodo.it\/cms\/wp-json\/wp\/v2\/pages\/459\/revisions\/8911"}],"wp:attachment":[{"href":"https:\/\/www.spedirecomodo.it\/cms\/wp-json\/wp\/v2\/media?parent=459"}],"wp:term":[{"taxonomy":"category","embeddable":true,"href":"https:\/\/www.spedirecomodo.it\/cms\/wp-json\/wp\/v2\/categories?post=459"},{"taxonomy":"post_tag","embeddable":true,"href":"https:\/\/www.spedirecomodo.it\/cms\/wp-json\/wp\/v2\/tags?post=459"}],"curies":[{"name":"wp","href":"https:\/\/api.w.org\/{rel}","templated":true}]}}