{"id":7513,"date":"2021-05-15T12:43:13","date_gmt":"2021-05-15T10:43:13","guid":{"rendered":"https:\/\/www.spedirecomodo.it\/cms\/?page_id=7513"},"modified":"2021-05-15T12:43:56","modified_gmt":"2021-05-15T10:43:56","slug":"come-spedire-bagagli","status":"publish","type":"page","link":"https:\/\/www.spedirecomodo.it\/cms\/come-spedire-bagagli\/","title":{"rendered":"Come spedire bagagli"},"content":{"rendered":"\n<div class=\"wp-block-ugb-feature ugb-feature ugb-4c2b2f1 ugb-feature--v2 ugb-feature--design-basic ugb-main-block\"><div class=\"ugb-inner-block\"><div class=\"ugb-block-content\"><div class=\"ugb-feature__item ugb--shadow-4\"><div class=\"ugb-feature__content\"><h2 class=\"ugb-feature__title\">Come spedire bagagli con Spedirecomodo<\/h2><p class=\"ugb-feature__description\">La possibilit\u00e0 di spedire comodamente i tuoi bagagli in <strong><a href=\"https:\/\/www.spedirecomodo.it\/cms\/spedire-in-italia\/\"><span style=\"text-decoration: underline;\">Italia<\/span><\/a><\/strong> ed <strong><a href=\"https:\/\/www.spedirecomodo.it\/cms\/spedire-in-europa\/\"><span style=\"text-decoration: underline;\">Europa<\/span><\/a><\/strong> tramite un sito online come Spedirecomodo \u00e8 oramai una tendenza.<br>La scelta infatti \u00e8 dettata principalmente dal&nbsp;rapporto fra <strong>minori costi, tempo guadagnato e fatica risparmiata<\/strong>.<br>Consulta i <strong><span style=\"text-decoration: underline;\"><a href=\"https:\/\/www.spedirecomodo.it\/cms\/prezzi-spedizioni-pacchi\/\" class=\"rank-math-link\">prezzi spedizioni<\/a><\/span><\/strong>.<\/p><\/div><div class=\"ugb-feature__image-side\"><img class=\"ugb-feature__image ugb-img wp-image-2422 ugb-image--shape-stretch\" src=\"https:\/\/www.spedirecomodo.it\/cms\/wp-content\/uploads\/2020\/06\/Spedire-Valigie-low-1024x683.jpg\" alt=\"Spedire Bagagli\" height=\"240\" srcset=\"https:\/\/www.spedirecomodo.it\/cms\/wp-content\/uploads\/2020\/06\/Spedire-Valigie-low-1024x683.jpg 1024w, https:\/\/www.spedirecomodo.it\/cms\/wp-content\/uploads\/2020\/06\/Spedire-Valigie-low-300x200.jpg 300w, https:\/\/www.spedirecomodo.it\/cms\/wp-content\/uploads\/2020\/06\/Spedire-Valigie-low-768x512.jpg 768w, https:\/\/www.spedirecomodo.it\/cms\/wp-content\/uploads\/2020\/06\/Spedire-Valigie-low-1536x1024.jpg 1536w, https:\/\/www.spedirecomodo.it\/cms\/wp-content\/uploads\/2020\/06\/Spedire-Valigie-low-2048x1365.jpg 2048w\" sizes=\"(max-width: 1024px) 100vw, 1024px\" \/><\/div><\/div><\/div><\/div><\/div>\n\n\n\n<p>Se desideri organizzare un viaggio in aereo che sia per una semplice vacanza, Erasmus, viaggi di lavoro oppure di nozze devi sapere che molte compagnie aeree richiedono alti supplementi per spedire valigie e le tariffe economiche del biglietto spesso non restano tali se vengono superati i limiti di peso imposti dalle condizioni generali di ogni compagnia aerea.<\/p>\n\n\n\n<hr class=\"wp-block-separator\"\/>\n\n\n\n<h3>Spedire i tuoi bagagli \u00e8 facile ed economico<\/h3>\n\n\n\n<p>Spedirecomodo offre una soluzione alternativa che ti permette di rendere il tuo volo pi\u00f9 economico e pi\u00f9 leggero: <strong>spedire valigie<\/strong> con Corriere Espresso ti evita di pagare salati sovrapprezzi e ti permette di inviare tutto quello che ti serve senza pensieri.<\/p>\n\n\n\n<p>Il sogno nascosto di ognuno di noi \u00e8 quello di poter&nbsp;<strong>viaggiare senza bagagli<\/strong>, in totale libert\u00e0 e leggerezza, magari solo con un piccolo zaino o la borsa&nbsp;per godersi appieno il momento di vacanza.<\/p>\n\n\n\n<p>Peccato che tutto questo sia quasi impossibile, soprattutto per l&#8217;abitudine di avere con noi ogni tipo di comfort.<\/p>\n\n\n\n<p>Un fattore che ci porta a riempire zaini, valigie e trolley con qualsiasi cosa anche spesso inutile, ragionando come se dovessimo disperderci su un&#8217;isola per un mese, quando invece di tratta magari solo di una settimana al mare.<\/p>\n\n\n\n<div style=\"height:20px\" aria-hidden=\"true\" class=\"wp-block-spacer\"><\/div>\n\n\n\r\n<div class=\"ship-now-calltoaction text-center\">\r\n    <span class=\"title\">Spedisci ora!<\/span>\r\n    <div class=\"rounded-div\">\r\n        <button data-toggle=\"modal\" class=\"ship-now btn-primary-sc\">Continua<\/button>\r\n    <\/div>\r\n    <span class=\"subtitle\">Inserisci i dati e spedisci in pochi click!<\/span>\r\n<\/div>\r\n\n\n\n\n<div style=\"height:20px\" aria-hidden=\"true\" class=\"wp-block-spacer\"><\/div>\n\n\n\n<hr class=\"wp-block-separator\"\/>\n\n\n\n<h3>Spedire bagagli con Corriere Espresso: la Soluzione comoda<\/h3>\n\n\n\n<div style=\"height:20px\" aria-hidden=\"true\" class=\"wp-block-spacer\"><\/div>\n\n\n\n<p>Una soluzione che abbina l&#8217;idea di libert\u00e0 e la nostra esigenza di comfort esiste!! e la puoi trovare con i servizi per spedire valigie online.<\/p>\n\n\n\n<p>Le valigie durante le nostre vacanze o viaggi di lavoro sono un compagno indispensabile e importante, <strong>ma&nbsp;spesso risultano scomode da portare<\/strong> con s\u00e9 per peso e ingombro, per i costi aggiuntivi&nbsp;(come in caso di un volo aereo) e per l&#8217;impiccio negli spostamenti (mezzi pubblici, stazione, aeroporto, ecc). Perch\u00e9 non spedirle con Corriere?<\/p>\n\n\n\n<p>Viaggiare senza bagagli, senza intralci o preoccupazioni per il peso (una liberazione per chi viaggia con dei bambini) \u00e8 ora possibile&nbsp;<strong>scegliendo di farsi spedire i propri bagagli nella localit\u00e0 di destinazione<\/strong> in Italia o in Europa, tenendo a portata di mano (o di zaino) solo il necessario per la durata del viaggio.<\/p>\n\n\n\n<p>Un&#8217;opzione che&nbsp;<strong>consente di di risparmiare tempo e fatica<\/strong>, soprattutto quando ci si sposta con mezzi pubblici quali aereo, treno o nave.<\/p>\n\n\n\n<p>Basta solo pensare al disagio che spesso accade con il metal detector, quando si cerca in tutti i modi di far capire agli addetti alla sicurezza di un aeroporto che non si possiede nulla di pericoloso dentro il proprio bagaglio, salvo poi ricevere l&#8217;ok quando hai ormai disfatto tutto il contenuto.<\/p>\n\n\n\n<p>Una situazione, come tante altre,&nbsp;<strong>che \u00e8 possibile evitare con la spedizione dei bagagli<\/strong>&nbsp;direttamente al punto di arrivo.<\/p>\n\n\n\n<div style=\"height:20px\" aria-hidden=\"true\" class=\"wp-block-spacer\"><\/div>\n\n\n\n<hr class=\"wp-block-separator\"\/>\n\n\n\n<h3>Come preparare e imballare le valigie per la spedizione<\/h3>\n\n\n\n<p>La sicurezza della spedizione bagagli \u00e8 estremamente importante, un fattore che diversamente azzererebbe i vantaggi dello spedire le valigie.<\/p>\n\n\n\n<p><strong>Suggeriamo quindi di trattare il proprio bagaglio come un pacco fragile<\/strong>, da preparare e imballare accuratamente per evitare eventuali danni durante il viaggio e fare in modo che arrivi a destinazione in condizioni perfette.<\/p>\n\n\n\n<p>Consigliamo di provare a&nbsp;<strong>imballare la valigia dentro una scatola di dimensioni adeguate<\/strong>&nbsp;(con imbottitura interna per fissare il contenuto e nastro sigillante) o di <strong>avvolgerla in alternativa con pluriball e pellicola<\/strong>. <\/p>\n\n\n\n<p>Questi semplici accorgimenti permetteranno di proteggere la valigia da urti e graffi e renderanno pi\u00f9 facile attaccare in maniera sicura le etichette di spedizione.<\/p>\n\n\n\n<hr class=\"wp-block-separator\"\/>\n\n\n\n<h3>Consigli utili per spedire bagagli<\/h3>\n\n\n\n<p>Quindi occorre seguire questi semplici consigli:<\/p>\n\n\n\n<p>1 <strong>Se possibile imballare la valigia dentro una scatola di dimensioni adeguate<\/strong>. Puoi usare carta da imballaggio, pluriball, polistirolo, gomma o tessuto per fare in modo che la valigia all\u2019interno non si muova e sia ben protetta da urti e movimenti. <strong>Sigillare a forma di H:&nbsp;<\/strong>disegna con il nastro adesivo una H sigillando tutte le possibili aperture, tanto nella parte inferiore che quella superiore. <\/p>\n\n\n\n<p>2 Utilizza un&nbsp;<strong>nastro da imballaggio resistente con una larghezza di almeno 48 mm<\/strong>&nbsp;(due pollici) e cerca di evitare quelli con scritte. Fai attenzione a chiudere tutte le parti che potrebbero aprirsi e a rinforzare i punti pi\u00f9 delicati.In alternativa <strong>avvolgere la valigia<\/strong> con materiale tipo pluriball e pellicola come probabilmente avrai visto negli aeroporti.<\/p>\n\n\n\n<p>3 Applica in modo stabile e visibile l\u2019etichetta segnacollo Spedirecomodo e la<strong>&nbsp;\u202fLettera di Vettura<\/strong>&nbsp;(LDV) \u202fdel Corriere\u202f nella parte superiore della scatola o della valigia avvolta dal pluriball e pellicola. Evita di posizionare l\u2019etichetta su una linea di giunzione, una chiusura o sul nastro usato per chiudere la scatola. Quando i Driver effettuano i ritiri a domicilio leggono con lo scanner le etichette.<\/p>\n\n\n\n<div style=\"height:20px\" aria-hidden=\"true\" class=\"wp-block-spacer\"><\/div>\n\n\n\r\n<div class=\"ship-now-calltoaction text-center\">\r\n    <span class=\"title\">Spedisci ora!<\/span>\r\n    <div class=\"rounded-div\">\r\n        <button data-toggle=\"modal\" class=\"ship-now btn-primary-sc\">Continua<\/button>\r\n    <\/div>\r\n    <span class=\"subtitle\">Inserisci i dati e spedisci in pochi click!<\/span>\r\n<\/div>\r\n\n\n\n\n<div style=\"height:20px\" aria-hidden=\"true\" class=\"wp-block-spacer\"><\/div>\n\n\n\n<hr class=\"wp-block-separator\"\/>\n\n\n\n<p>Se vuoi informazioni e consigli su come realizzare un ecommerce di successo visita&nbsp;<a rel=\"noreferrer noopener\" href=\"https:\/\/www.metaxy.eu\/\" target=\"_blank\"><strong>Metaxy<\/strong><\/a>.<\/p>\n\n\n\n<p>Spedire Valigie, <strong><span style=\"text-decoration: underline;\"><a href=\"https:\/\/www.spedirecomodo.it\/cms\/ioinvio\/\" class=\"rank-math-link\">Io invio Bagagli<\/a><\/span><\/strong>, <strong><span style=\"text-decoration: underline;\"><a href=\"https:\/\/www.spedirecomodo.it\/cms\/spedizione-comoda\/\" class=\"rank-math-link\">Spedizione Comoda<\/a><\/span><\/strong>&#8230; Spedire Comodo<\/p>\n\n\n\n<div style=\"height:50px\" aria-hidden=\"true\" class=\"wp-block-spacer\"><\/div>\n\n\n\n<p><\/p>\n<style class=\"advgb-styles-renderer\">.ugb-4c2b2f1 .ugb-feature__item{border-radius:15px !important}.ugb-4c2b2f1 .ugb-img{border-radius:8px}@media screen and (min-width:768px){.ugb-4c2b2f1 .ugb-img{border-radius:8px;width:360px;height:auto !important}}@media screen and (max-width:768px){.ugb-4c2b2f1 .ugb-img{width:285px;height:auto !important}}<\/style>","protected":false},"excerpt":{"rendered":"<p>Come spedire bagagli con Spedirecomodo La possibilit\u00e0 di spedire comodamente i tuoi bagagli in Italia ed Europa tramite un sito online come Spedirecomodo \u00e8 oramai una tendenza.La scelta infatti \u00e8 dettata principalmente dal&nbsp;rapporto fra minori costi, tempo guadagnato e fatica risparmiata.Consulta i prezzi spedizioni. Se desideri organizzare un viaggio in aereo che sia per una [&hellip;]<\/p>\n","protected":false},"author":7,"featured_media":0,"parent":0,"menu_order":0,"comment_status":"closed","ping_status":"closed","template":"index-trustpilot.php","meta":{"advgb_blocks_editor_width":"","advgb_blocks_columns_visual_guide":""},"categories":[],"tags":[],"featured_image_urls":{"full":"","thumbnail":"","medium":"","medium_large":"","large":"","1536x1536":"","2048x2048":""},"post_excerpt_stackable":"<p>Come spedire bagagli con SpedirecomodoLa possibilit\u00e0 di spedire comodamente i tuoi bagagli in Italia ed Europa tramite un sito online come Spedirecomodo \u00e8 oramai una tendenza.La scelta infatti \u00e8 dettata principalmente dal&nbsp;rapporto fra minori costi, tempo guadagnato e fatica risparmiata.Consulta i prezzi spedizioni. Se desideri organizzare un viaggio in aereo che sia per una semplice vacanza, Erasmus, viaggi di lavoro oppure di nozze devi sapere che molte compagnie aeree richiedono alti supplementi per spedire valigie e le tariffe economiche del biglietto spesso non restano tali se vengono superati i limiti di peso imposti dalle condizioni generali di ogni compagnia aerea.&hellip;<\/p>\n","category_list":"Senza categoria","author_info":{"name":"Sebastiano Torcellan","url":"https:\/\/www.spedirecomodo.it\/cms\/author\/sebastiano-torcellan\/"},"comments_num":"0 commenti","featured_image_urls_v2":{"full":"","thumbnail":"","medium":"","medium_large":"","large":"","1536x1536":"","2048x2048":""},"post_excerpt_stackable_v2":"<p>Come spedire bagagli con SpedirecomodoLa possibilit\u00e0 di spedire comodamente i tuoi bagagli in Italia ed Europa tramite un sito online come Spedirecomodo \u00e8 oramai una tendenza.La scelta infatti \u00e8 dettata principalmente dal&nbsp;rapporto fra minori costi, tempo guadagnato e fatica risparmiata.Consulta i prezzi spedizioni. Se desideri organizzare un viaggio in aereo che sia per una semplice vacanza, Erasmus, viaggi di lavoro oppure di nozze devi sapere che molte compagnie aeree richiedono alti supplementi per spedire valigie e le tariffe economiche del biglietto spesso non restano tali se vengono superati i limiti di peso imposti dalle condizioni generali di ogni compagnia aerea.&hellip;<\/p>\n","category_list_v2":"Senza categoria","author_info_v2":{"name":"Sebastiano Torcellan","url":"https:\/\/www.spedirecomodo.it\/cms\/author\/sebastiano-torcellan\/"},"comments_num_v2":"0 commenti","coauthors":[],"author_meta":{"author_link":"https:\/\/www.spedirecomodo.it\/cms\/author\/sebastiano-torcellan\/","display_name":"Sebastiano Torcellan"},"relative_dates":{"created":"Pubblicato 5 anni fa","modified":"Aggiornato 5 anni fa"},"absolute_dates":{"created":"Pubblicato il 15 Maggio 2021","modified":"Aggiornato il 15 Maggio 2021"},"absolute_dates_time":{"created":"Pubblicato il 15 Maggio 2021 12:43","modified":"Aggiornato il 15 Maggio 2021 12:43"},"featured_img_caption":"","featured_img":false,"series_order":"","_links":{"self":[{"href":"https:\/\/www.spedirecomodo.it\/cms\/wp-json\/wp\/v2\/pages\/7513"}],"collection":[{"href":"https:\/\/www.spedirecomodo.it\/cms\/wp-json\/wp\/v2\/pages"}],"about":[{"href":"https:\/\/www.spedirecomodo.it\/cms\/wp-json\/wp\/v2\/types\/page"}],"author":[{"embeddable":true,"href":"https:\/\/www.spedirecomodo.it\/cms\/wp-json\/wp\/v2\/users\/7"}],"replies":[{"embeddable":true,"href":"https:\/\/www.spedirecomodo.it\/cms\/wp-json\/wp\/v2\/comments?post=7513"}],"version-history":[{"count":3,"href":"https:\/\/www.spedirecomodo.it\/cms\/wp-json\/wp\/v2\/pages\/7513\/revisions"}],"predecessor-version":[{"id":7516,"href":"https:\/\/www.spedirecomodo.it\/cms\/wp-json\/wp\/v2\/pages\/7513\/revisions\/7516"}],"wp:attachment":[{"href":"https:\/\/www.spedirecomodo.it\/cms\/wp-json\/wp\/v2\/media?parent=7513"}],"wp:term":[{"taxonomy":"category","embeddable":true,"href":"https:\/\/www.spedirecomodo.it\/cms\/wp-json\/wp\/v2\/categories?post=7513"},{"taxonomy":"post_tag","embeddable":true,"href":"https:\/\/www.spedirecomodo.it\/cms\/wp-json\/wp\/v2\/tags?post=7513"}],"curies":[{"name":"wp","href":"https:\/\/api.w.org\/{rel}","templated":true}]}}